{"id":3893,"date":"2023-10-06T11:36:51","date_gmt":"2023-10-06T11:36:51","guid":{"rendered":"https:\/\/colegiocriminologosmadrid.es\/RealidadCriminal\/?post_type=speaker&#038;p=3893"},"modified":"2023-10-09T16:24:47","modified_gmt":"2023-10-09T16:24:47","slug":"ana-isabel-serrano","status":"publish","type":"speaker","link":"https:\/\/colegiocriminologosmadrid.es\/RealidadCriminal\/speaker\/ana-isabel-serrano\/","title":{"rendered":"Ana Isabel Serrano"},"content":{"rendered":"<section class=\"wpb-content-wrapper\"><p>[vc_row full_width=\u00bbstretch_row\u00bb row-text-align=\u00bbcenter\u00bb css=\u00bb.vc_custom_1694786609886{padding-top: 5% !important;padding-bottom: 5% !important;}\u00bb][vc_column][vc_single_image image=\u00bb3889&#8243; img_size=\u00bbmedium\u00bb alignment=\u00bbcenter\u00bb style=\u00bbvc_box_border_circle_2&#8243;][vc_column_text]<\/p>\n<div dir=\"auto\">\n<div class=\"flex flex-grow flex-col gap-3 max-w-full\">\n<div class=\"min-h-[20px] flex flex-col items-start gap-3 whitespace-pre-wrap break-words overflow-x-auto\">\n<div class=\"markdown prose w-full break-words dark:prose-invert light\">\n<h1 style=\"text-align: center;\"><strong>Ana Isabel Serrano<\/strong><\/h1>\n<p>Ana Isabel Serrano Esteban es una distinguida profesora con una s\u00f3lida trayectoria en el \u00e1mbito legal y acad\u00e9mico. Con una licenciatura en Derecho por la Universidad de M\u00e1laga (UMA) y otra en Criminolog\u00eda por la Universidad Camilo Jos\u00e9 Cela (UCJC), su pasi\u00f3n por la justicia y la criminolog\u00eda la llev\u00f3 a alcanzar la excelencia acad\u00e9mica. Posee un M\u00e1ster en Derecho P\u00fablico y ostenta el t\u00edtulo de Doctora en Derecho con la calificaci\u00f3n de Sobresaliente Cum Laude por la Universidad Complutense de Madrid (UCM).<\/p>\n<p>La formaci\u00f3n de Ana Isabel no se limita a sus t\u00edtulos acad\u00e9micos, ya que se ha destacado como una preparadora de oposiciones a la Carrera Judicial y Fiscal, demostrando su profundo conocimiento en estas \u00e1reas. Durante su preparaci\u00f3n, obtuvo un impresionante logro al aprobar cinco ejercicios de la oposici\u00f3n, lo que resalta su compromiso y dedicaci\u00f3n.<\/p>\n<p>Con una s\u00f3lida base educativa, Ana Isabel Serrano Esteban acumul\u00f3 una rica experiencia como abogada y Fiscal Sustituta en la Fiscal\u00eda Provincial de Madrid durante un per\u00edodo de diez a\u00f1os. Esta experiencia en el campo legal le brind\u00f3 una comprensi\u00f3n profunda de los aspectos pr\u00e1cticos y procesales de la justicia, fortaleciendo su habilidad para impartir conocimientos en sus roles docentes.<\/p>\n<p>Una de las \u00e1reas en las que Ana Isabel ha dejado una marca significativa es la investigaci\u00f3n. Su tesis doctoral, titulada \u00ab<a href=\"https:\/\/docta.ucm.es\/handle\/20.500.14352\/26227\" target=\"_blank\" rel=\"noopener\">Tratamiento jur\u00eddico de la violencia de g\u00e9nero: Aspectos constitucionales, penales y procesales<\/a>\u00ab, fue calificada como Sobresaliente Cum Laude por unanimidad del Tribunal, demostrando su experiencia en cuestiones legales fundamentales. Adem\u00e1s, ha contribuido al campo jur\u00eddico con publicaciones notables, como el art\u00edculo \u00abResponsabilidad penal de las personas jur\u00eddicas en el sector del transporte\u00bb, as\u00ed como otros art\u00edculos importantes, como \u00abLa orden de protecci\u00f3n y la dispensa del art. 416 LECrim\u00bb, que formaron parte de la obra colectiva \u00abLa transversalidad de la violencia de g\u00e9nero: Una respuesta criminol\u00f3gica, social y jur\u00eddica\u00bb.<\/p>\n<p>La destacada formaci\u00f3n acad\u00e9mica, la valiosa experiencia profesional y las contribuciones significativas en el \u00e1mbito de la investigaci\u00f3n hacen de Ana Isabel Serrano Esteban una figura respetada y comprometida en el campo del derecho y la criminolog\u00eda, que contin\u00faa dejando su huella en el mundo de la justicia y la educaci\u00f3n.<\/p>\n<\/div>\n<\/div>\n<\/div>\n<\/div>\n<p>[\/vc_column_text][vc_btn title=\u00bbVolver\u00bb color=\u00bborange\u00bb align=\u00bbcenter\u00bb i_icon_fontawesome=\u00bbfas fa-home\u00bb add_icon=\u00bbtrue\u00bb link=\u00bburl:https%3A%2F%2Fcolegiocriminologosmadrid.es%2FRealidadCriminal\u00bb][\/vc_column][\/vc_row]<\/p>\n<\/section>","protected":false},"excerpt":{"rendered":"<p>[vc_row full_width=\u00bbstretch_row\u00bb row-text-align=\u00bbcenter\u00bb css=\u00bb.vc_custom_1694786609886{padding-top: 5% !important;padding-bottom: 5% !important;}\u00bb][vc_column][vc_single_image image=\u00bb3889&#8243; img_size=\u00bbmedium\u00bb alignment=\u00bbcenter\u00bb style=\u00bbvc_box_border_circle_2&#8243;][vc_column_text] Ana Isabel Serrano Ana Isabel Serrano Esteban es una distinguida profesora con una s\u00f3lida trayectoria en el \u00e1mbito legal y acad\u00e9mico. Con una licenciatura en Derecho por la&#8230;<\/p>\n","protected":false},"author":1,"featured_media":3889,"comment_status":"open","ping_status":"closed","template":"","meta":{"footnotes":""},"speaker-category":[],"speaker-tags":[],"location":[],"class_list":["post-3893","speaker","type-speaker","status-publish","has-post-thumbnail","hentry"],"_links":{"self":[{"href":"https:\/\/colegiocriminologosmadrid.es\/RealidadCriminal\/wp-json\/wp\/v2\/speaker\/3893","targetHints":{"allow":["GET"]}}],"collection":[{"href":"https:\/\/colegiocriminologosmadrid.es\/RealidadCriminal\/wp-json\/wp\/v2\/speaker"}],"about":[{"href":"https:\/\/colegiocriminologosmadrid.es\/RealidadCriminal\/wp-json\/wp\/v2\/types\/speaker"}],"author":[{"embeddable":true,"href":"https:\/\/colegiocriminologosmadrid.es\/RealidadCriminal\/wp-json\/wp\/v2\/users\/1"}],"replies":[{"embeddable":true,"href":"https:\/\/colegiocriminologosmadrid.es\/RealidadCriminal\/wp-json\/wp\/v2\/comments?post=3893"}],"version-history":[{"count":2,"href":"https:\/\/colegiocriminologosmadrid.es\/RealidadCriminal\/wp-json\/wp\/v2\/speaker\/3893\/revisions"}],"predecessor-version":[{"id":3974,"href":"https:\/\/colegiocriminologosmadrid.es\/RealidadCriminal\/wp-json\/wp\/v2\/speaker\/3893\/revisions\/3974"}],"wp:featuredmedia":[{"embeddable":true,"href":"https:\/\/colegiocriminologosmadrid.es\/RealidadCriminal\/wp-json\/wp\/v2\/media\/3889"}],"wp:attachment":[{"href":"https:\/\/colegiocriminologosmadrid.es\/RealidadCriminal\/wp-json\/wp\/v2\/media?parent=3893"}],"wp:term":[{"taxonomy":"speaker-category","embeddable":true,"href":"https:\/\/colegiocriminologosmadrid.es\/RealidadCriminal\/wp-json\/wp\/v2\/speaker-category?post=3893"},{"taxonomy":"speaker-tags","embeddable":true,"href":"https:\/\/colegiocriminologosmadrid.es\/RealidadCriminal\/wp-json\/wp\/v2\/speaker-tags?post=3893"},{"taxonomy":"location","embeddable":true,"href":"https:\/\/colegiocriminologosmadrid.es\/RealidadCriminal\/wp-json\/wp\/v2\/location?post=3893"}],"curies":[{"name":"wp","href":"https:\/\/api.w.org\/{rel}","templated":true}]}}

<section class="wpb-content-wrapper"><p>[vc_row full_width=»stretch_row» row-text-align=»center» css=».vc_custom_1694786609886{padding-top: 5% !important;padding-bottom: 5% !important;}»][vc_column][vc_single_image image=»3889&#8243; img_size=»medium» alignment=»center» style=»vc_box_border_circle_2&#8243;][vc_column_text]</p>
<div dir="auto">
<div class="flex flex-grow flex-col gap-3 max-w-full">
<div class="min-h-[20px] flex flex-col items-start gap-3 whitespace-pre-wrap break-words overflow-x-auto">
<div class="markdown prose w-full break-words dark:prose-invert light">
<h1 style="text-align: center;"><strong>Ana Isabel Serrano</strong></h1>
<p>Ana Isabel Serrano Esteban es una distinguida profesora con una sólida trayectoria en el ámbito legal y académico. Con una licenciatura en Derecho por la Universidad de Málaga (UMA) y otra en Criminología por la Universidad Camilo José Cela (UCJC), su pasión por la justicia y la criminología la llevó a alcanzar la excelencia académica. Posee un Máster en Derecho Público y ostenta el título de Doctora en Derecho con la calificación de Sobresaliente Cum Laude por la Universidad Complutense de Madrid (UCM).</p>
<p>La formación de Ana Isabel no se limita a sus títulos académicos, ya que se ha destacado como una preparadora de oposiciones a la Carrera Judicial y Fiscal, demostrando su profundo conocimiento en estas áreas. Durante su preparación, obtuvo un impresionante logro al aprobar cinco ejercicios de la oposición, lo que resalta su compromiso y dedicación.</p>
<p>Con una sólida base educativa, Ana Isabel Serrano Esteban acumuló una rica experiencia como abogada y Fiscal Sustituta en la Fiscalía Provincial de Madrid durante un período de diez años. Esta experiencia en el campo legal le brindó una comprensión profunda de los aspectos prácticos y procesales de la justicia, fortaleciendo su habilidad para impartir conocimientos en sus roles docentes.</p>
<p>Una de las áreas en las que Ana Isabel ha dejado una marca significativa es la investigación. Su tesis doctoral, titulada «<a href="https://docta.ucm.es/handle/20.500.14352/26227" target="_blank" rel="noopener">Tratamiento jurídico de la violencia de género: Aspectos constitucionales, penales y procesales</a>«, fue calificada como Sobresaliente Cum Laude por unanimidad del Tribunal, demostrando su experiencia en cuestiones legales fundamentales. Además, ha contribuido al campo jurídico con publicaciones notables, como el artículo «Responsabilidad penal de las personas jurídicas en el sector del transporte», así como otros artículos importantes, como «La orden de protección y la dispensa del art. 416 LECrim», que formaron parte de la obra colectiva «La transversalidad de la violencia de género: Una respuesta criminológica, social y jurídica».</p>
<p>La destacada formación académica, la valiosa experiencia profesional y las contribuciones significativas en el ámbito de la investigación hacen de Ana Isabel Serrano Esteban una figura respetada y comprometida en el campo del derecho y la criminología, que continúa dejando su huella en el mundo de la justicia y la educación.</p>
</div>
</div>
</div>
</div>
<p>[/vc_column_text][vc_btn title=»Volver» color=»orange» align=»center» i_icon_fontawesome=»fas fa-home» add_icon=»true» link=»url:https%3A%2F%2Fcolegiocriminologosmadrid.es%2FRealidadCriminal»][/vc_column][/vc_row]</p>
</section>

<p>[vc_row full_width=»stretch_row» row-text-align=»center» css=».vc_custom_1694786609886{padding-top: 5% !important;padding-bottom: 5% !important;}»][vc_column][vc_single_image image=»3889&#8243; img_size=»medium» alignment=»center» style=»vc_box_border_circle_2&#8243;][vc_column_text] Ana Isabel Serrano Ana Isabel Serrano Esteban es una distinguida profesora con una sólida trayectoria en el ámbito legal y académico. Con una licenciatura en Derecho por la&#8230;</p>
