{"id":3858,"date":"2023-09-15T14:13:47","date_gmt":"2023-09-15T14:13:47","guid":{"rendered":"https:\/\/colegiocriminologosmadrid.es\/RealidadCriminal\/?post_type=speaker&#038;p=3858"},"modified":"2023-10-09T16:26:19","modified_gmt":"2023-10-09T16:26:19","slug":"carlos-fuertes-iglesias","status":"publish","type":"speaker","link":"https:\/\/colegiocriminologosmadrid.es\/RealidadCriminal\/speaker\/carlos-fuertes-iglesias\/","title":{"rendered":"Carlos Fuertes Iglesias"},"content":{"rendered":"<section class=\"wpb-content-wrapper\"><p>[vc_row full_width=\u00bbstretch_row\u00bb row-text-align=\u00bbcenter\u00bb css=\u00bb.vc_custom_1694786609886{padding-top: 5% !important;padding-bottom: 5% !important;}\u00bb][vc_column][vc_single_image image=\u00bb3859&#8243; img_size=\u00bbmedium\u00bb alignment=\u00bbcenter\u00bb style=\u00bbvc_box_border_circle_2&#8243;][vc_column_text]<\/p>\n<div dir=\"auto\">\n<h2><strong>Sobre Carlos Fuertes<\/strong><\/h2>\n<p>Carlos Fuertes Iglesias es un abogado especializado en Derecho Penal y Derecho de Menores, graduado de la Universidad de Zaragoza. Tiene una amplia formaci\u00f3n acad\u00e9mica, incluyendo una especializaci\u00f3n en Ciencias Forenses y Derecho Sanitario y un M\u00e1ster de Investigaci\u00f3n y Especializaci\u00f3n en Derecho Penal y Derechos Humanos. Actualmente, est\u00e1 cursando un Doctorado en Derecho Penal con una Tesis Doctoral sobre Delitos Sexuales contra Menores.<\/p>\n<p>Carlos es un abogado experimentado y ha dirigido numerosos casos ante diversos tribunales en Espa\u00f1a, incluyendo el Tribunal Supremo y el Tribunal Constitucional. Tambi\u00e9n ha formado parte de equipos jur\u00eddicos en demandas ante el Tribunal Europeo de Derechos Humanos de Estrasburgo. Adem\u00e1s, ha asesorado para la formulaci\u00f3n de denuncias ante el Defensor del Pueblo, el European Ombudsman y la Corte Interamericana de Derechos Humanos.<\/p>\n<p>En cuanto a su experiencia acad\u00e9mica, Carlos es Profesor de Derecho Penal de la Universidad de Zaragoza y la Universidad Cat\u00f3lica San Vicente de Murcia, donde imparte cursos de posgrado en Derecho Sanitario y Medicina Forense. Como abogado, se especializa en Derecho Penal y cree en la importancia de la especializaci\u00f3n y dedicaci\u00f3n al estudio del derecho. Por esta raz\u00f3n, ha fundado su propio estudio jur\u00eddico y ha establecido alianzas estrat\u00e9gicas con otros especialistas en otros despachos en Espa\u00f1a para brindar los mejores servicios legales t\u00e9cnicos a sus clientes.<\/p>\n<\/div>\n<p>[\/vc_column_text][vc_btn title=\u00bbVolver\u00bb color=\u00bborange\u00bb align=\u00bbcenter\u00bb i_icon_fontawesome=\u00bbfas fa-home\u00bb add_icon=\u00bbtrue\u00bb link=\u00bburl:https%3A%2F%2Fcolegiocriminologosmadrid.es%2FRealidadCriminal\u00bb][\/vc_column][\/vc_row]<\/p>\n<\/section>","protected":false},"excerpt":{"rendered":"<p>[vc_row full_width=\u00bbstretch_row\u00bb row-text-align=\u00bbcenter\u00bb css=\u00bb.vc_custom_1694786609886{padding-top: 5% !important;padding-bottom: 5% !important;}\u00bb][vc_column][vc_single_image image=\u00bb3859&#8243; img_size=\u00bbmedium\u00bb alignment=\u00bbcenter\u00bb style=\u00bbvc_box_border_circle_2&#8243;][vc_column_text] Sobre Carlos Fuertes Carlos Fuertes Iglesias es un abogado especializado en Derecho Penal y Derecho de Menores, graduado de la Universidad de Zaragoza. Tiene una amplia formaci\u00f3n acad\u00e9mica,&#8230;<\/p>\n","protected":false},"author":1,"featured_media":3859,"comment_status":"open","ping_status":"closed","template":"","meta":{"footnotes":""},"speaker-category":[],"speaker-tags":[109],"location":[],"class_list":["post-3858","speaker","type-speaker","status-publish","has-post-thumbnail","hentry","speaker-tags-speaker"],"_links":{"self":[{"href":"https:\/\/colegiocriminologosmadrid.es\/RealidadCriminal\/wp-json\/wp\/v2\/speaker\/3858","targetHints":{"allow":["GET"]}}],"collection":[{"href":"https:\/\/colegiocriminologosmadrid.es\/RealidadCriminal\/wp-json\/wp\/v2\/speaker"}],"about":[{"href":"https:\/\/colegiocriminologosmadrid.es\/RealidadCriminal\/wp-json\/wp\/v2\/types\/speaker"}],"author":[{"embeddable":true,"href":"https:\/\/colegiocriminologosmadrid.es\/RealidadCriminal\/wp-json\/wp\/v2\/users\/1"}],"replies":[{"embeddable":true,"href":"https:\/\/colegiocriminologosmadrid.es\/RealidadCriminal\/wp-json\/wp\/v2\/comments?post=3858"}],"version-history":[{"count":1,"href":"https:\/\/colegiocriminologosmadrid.es\/RealidadCriminal\/wp-json\/wp\/v2\/speaker\/3858\/revisions"}],"predecessor-version":[{"id":3860,"href":"https:\/\/colegiocriminologosmadrid.es\/RealidadCriminal\/wp-json\/wp\/v2\/speaker\/3858\/revisions\/3860"}],"wp:featuredmedia":[{"embeddable":true,"href":"https:\/\/colegiocriminologosmadrid.es\/RealidadCriminal\/wp-json\/wp\/v2\/media\/3859"}],"wp:attachment":[{"href":"https:\/\/colegiocriminologosmadrid.es\/RealidadCriminal\/wp-json\/wp\/v2\/media?parent=3858"}],"wp:term":[{"taxonomy":"speaker-category","embeddable":true,"href":"https:\/\/colegiocriminologosmadrid.es\/RealidadCriminal\/wp-json\/wp\/v2\/speaker-category?post=3858"},{"taxonomy":"speaker-tags","embeddable":true,"href":"https:\/\/colegiocriminologosmadrid.es\/RealidadCriminal\/wp-json\/wp\/v2\/speaker-tags?post=3858"},{"taxonomy":"location","embeddable":true,"href":"https:\/\/colegiocriminologosmadrid.es\/RealidadCriminal\/wp-json\/wp\/v2\/location?post=3858"}],"curies":[{"name":"wp","href":"https:\/\/api.w.org\/{rel}","templated":true}]}}

<section class="wpb-content-wrapper"><p>[vc_row full_width=»stretch_row» row-text-align=»center» css=».vc_custom_1694786609886{padding-top: 5% !important;padding-bottom: 5% !important;}»][vc_column][vc_single_image image=»3859&#8243; img_size=»medium» alignment=»center» style=»vc_box_border_circle_2&#8243;][vc_column_text]</p>
<div dir="auto">
<h2><strong>Sobre Carlos Fuertes</strong></h2>
<p>Carlos Fuertes Iglesias es un abogado especializado en Derecho Penal y Derecho de Menores, graduado de la Universidad de Zaragoza. Tiene una amplia formación académica, incluyendo una especialización en Ciencias Forenses y Derecho Sanitario y un Máster de Investigación y Especialización en Derecho Penal y Derechos Humanos. Actualmente, está cursando un Doctorado en Derecho Penal con una Tesis Doctoral sobre Delitos Sexuales contra Menores.</p>
<p>Carlos es un abogado experimentado y ha dirigido numerosos casos ante diversos tribunales en España, incluyendo el Tribunal Supremo y el Tribunal Constitucional. También ha formado parte de equipos jurídicos en demandas ante el Tribunal Europeo de Derechos Humanos de Estrasburgo. Además, ha asesorado para la formulación de denuncias ante el Defensor del Pueblo, el European Ombudsman y la Corte Interamericana de Derechos Humanos.</p>
<p>En cuanto a su experiencia académica, Carlos es Profesor de Derecho Penal de la Universidad de Zaragoza y la Universidad Católica San Vicente de Murcia, donde imparte cursos de posgrado en Derecho Sanitario y Medicina Forense. Como abogado, se especializa en Derecho Penal y cree en la importancia de la especialización y dedicación al estudio del derecho. Por esta razón, ha fundado su propio estudio jurídico y ha establecido alianzas estratégicas con otros especialistas en otros despachos en España para brindar los mejores servicios legales técnicos a sus clientes.</p>
</div>
<p>[/vc_column_text][vc_btn title=»Volver» color=»orange» align=»center» i_icon_fontawesome=»fas fa-home» add_icon=»true» link=»url:https%3A%2F%2Fcolegiocriminologosmadrid.es%2FRealidadCriminal»][/vc_column][/vc_row]</p>
</section>

<p>[vc_row full_width=»stretch_row» row-text-align=»center» css=».vc_custom_1694786609886{padding-top: 5% !important;padding-bottom: 5% !important;}»][vc_column][vc_single_image image=»3859&#8243; img_size=»medium» alignment=»center» style=»vc_box_border_circle_2&#8243;][vc_column_text] Sobre Carlos Fuertes Carlos Fuertes Iglesias es un abogado especializado en Derecho Penal y Derecho de Menores, graduado de la Universidad de Zaragoza. Tiene una amplia formación académica,&#8230;</p>
