{"id":3852,"date":"2023-09-15T14:10:53","date_gmt":"2023-09-15T14:10:53","guid":{"rendered":"https:\/\/colegiocriminologosmadrid.es\/RealidadCriminal\/?post_type=speaker&#038;p=3852"},"modified":"2023-10-09T16:25:55","modified_gmt":"2023-10-09T16:25:55","slug":"martin-balderrama","status":"publish","type":"speaker","link":"https:\/\/colegiocriminologosmadrid.es\/RealidadCriminal\/speaker\/martin-balderrama\/","title":{"rendered":"Mart\u00edn Balderrama"},"content":{"rendered":"<section class=\"wpb-content-wrapper\"><p>[vc_row full_width=\u00bbstretch_row\u00bb row-text-align=\u00bbcenter\u00bb css=\u00bb.vc_custom_1694786609886{padding-top: 5% !important;padding-bottom: 5% !important;}\u00bb][vc_column][vc_single_image image=\u00bb3853&#8243; img_size=\u00bbmedium\u00bb alignment=\u00bbcenter\u00bb style=\u00bbvc_box_border_circle_2&#8243;][vc_column_text]<\/p>\n<div dir=\"auto\">\n<h2><strong>Sobre Mart\u00edn Balderrama<\/strong><\/h2>\n<p>Coordinador de Servicios Periciales en Fiscal\u00edas de Alto Impacto | Fiscal\u00eda General de Justicia de la Ciudad de M\u00e9xico (Coordinaci\u00f3n, Revisi\u00f3n de actividades de peritos en casos de alto impacto, participaci\u00f3n in situ de casos relevantes, consultor t\u00e9cnico para juicios orales para fiscal\u00eda, capacitador interno para el Instituto de Formaci\u00f3n Profesional de la dependencia).<\/p>\n<p>Presidente | Colegio de Especialistas Forenses s.c. (Organizaci\u00f3n de 6 Congresos Mundiales, 13 Congresos nacionales; talleres, capacitaci\u00f3n a diversas instituciones relacionadas a la Seguridad P\u00fablica, Derecho y Ciencias Forenses; participaci\u00f3n como Conferencista Nacional e Internacional; generaci\u00f3n de conferencias on line gratuitas y abiertas a todo p\u00fablico).<\/p>\n<p>Implementaci\u00f3n de la Carpa negra en el pa\u00eds por primera vez para un desastre natural en los sismos del 2017, logrando identificar los 87 cuerpos en nuestra zona de trabajo.<\/p>\n<p>Reconocimiento por las labores en muertes masiva en el incendio del centro nocturno Lobohombo, en la Ciudad de M\u00e9xico.<\/p>\n<p>Reconocimiento por las labores en muerte masiva de la discoteca News Divine.<\/p>\n<p>Miembro honorario para diversas asociaciones dedicadas a las Ciencias Forenses.<\/p>\n<\/div>\n<p>[\/vc_column_text][vc_btn title=\u00bbVolver\u00bb color=\u00bborange\u00bb align=\u00bbcenter\u00bb i_icon_fontawesome=\u00bbfas fa-home\u00bb add_icon=\u00bbtrue\u00bb link=\u00bburl:https%3A%2F%2Fcolegiocriminologosmadrid.es%2FRealidadCriminal\u00bb][\/vc_column][\/vc_row]<\/p>\n<\/section>","protected":false},"excerpt":{"rendered":"<p>[vc_row full_width=\u00bbstretch_row\u00bb row-text-align=\u00bbcenter\u00bb css=\u00bb.vc_custom_1694786609886{padding-top: 5% !important;padding-bottom: 5% !important;}\u00bb][vc_column][vc_single_image image=\u00bb3853&#8243; img_size=\u00bbmedium\u00bb alignment=\u00bbcenter\u00bb style=\u00bbvc_box_border_circle_2&#8243;][vc_column_text] Sobre Mart\u00edn Balderrama Coordinador de Servicios Periciales en Fiscal\u00edas de Alto Impacto | Fiscal\u00eda General de Justicia de la Ciudad de M\u00e9xico (Coordinaci\u00f3n, Revisi\u00f3n de actividades de peritos&#8230;<\/p>\n","protected":false},"author":1,"featured_media":3853,"comment_status":"open","ping_status":"closed","template":"","meta":{"footnotes":""},"speaker-category":[],"speaker-tags":[109],"location":[],"class_list":["post-3852","speaker","type-speaker","status-publish","has-post-thumbnail","hentry","speaker-tags-speaker"],"_links":{"self":[{"href":"https:\/\/colegiocriminologosmadrid.es\/RealidadCriminal\/wp-json\/wp\/v2\/speaker\/3852","targetHints":{"allow":["GET"]}}],"collection":[{"href":"https:\/\/colegiocriminologosmadrid.es\/RealidadCriminal\/wp-json\/wp\/v2\/speaker"}],"about":[{"href":"https:\/\/colegiocriminologosmadrid.es\/RealidadCriminal\/wp-json\/wp\/v2\/types\/speaker"}],"author":[{"embeddable":true,"href":"https:\/\/colegiocriminologosmadrid.es\/RealidadCriminal\/wp-json\/wp\/v2\/users\/1"}],"replies":[{"embeddable":true,"href":"https:\/\/colegiocriminologosmadrid.es\/RealidadCriminal\/wp-json\/wp\/v2\/comments?post=3852"}],"version-history":[{"count":1,"href":"https:\/\/colegiocriminologosmadrid.es\/RealidadCriminal\/wp-json\/wp\/v2\/speaker\/3852\/revisions"}],"predecessor-version":[{"id":3854,"href":"https:\/\/colegiocriminologosmadrid.es\/RealidadCriminal\/wp-json\/wp\/v2\/speaker\/3852\/revisions\/3854"}],"wp:featuredmedia":[{"embeddable":true,"href":"https:\/\/colegiocriminologosmadrid.es\/RealidadCriminal\/wp-json\/wp\/v2\/media\/3853"}],"wp:attachment":[{"href":"https:\/\/colegiocriminologosmadrid.es\/RealidadCriminal\/wp-json\/wp\/v2\/media?parent=3852"}],"wp:term":[{"taxonomy":"speaker-category","embeddable":true,"href":"https:\/\/colegiocriminologosmadrid.es\/RealidadCriminal\/wp-json\/wp\/v2\/speaker-category?post=3852"},{"taxonomy":"speaker-tags","embeddable":true,"href":"https:\/\/colegiocriminologosmadrid.es\/RealidadCriminal\/wp-json\/wp\/v2\/speaker-tags?post=3852"},{"taxonomy":"location","embeddable":true,"href":"https:\/\/colegiocriminologosmadrid.es\/RealidadCriminal\/wp-json\/wp\/v2\/location?post=3852"}],"curies":[{"name":"wp","href":"https:\/\/api.w.org\/{rel}","templated":true}]}}

Martín Balderrama

<section class="wpb-content-wrapper"><p>[vc_row full_width=»stretch_row» row-text-align=»center» css=».vc_custom_1694786609886{padding-top: 5% !important;padding-bottom: 5% !important;}»][vc_column][vc_single_image image=»3853&#8243; img_size=»medium» alignment=»center» style=»vc_box_border_circle_2&#8243;][vc_column_text]</p>
<div dir="auto">
<h2><strong>Sobre Martín Balderrama</strong></h2>
<p>Coordinador de Servicios Periciales en Fiscalías de Alto Impacto | Fiscalía General de Justicia de la Ciudad de México (Coordinación, Revisión de actividades de peritos en casos de alto impacto, participación in situ de casos relevantes, consultor técnico para juicios orales para fiscalía, capacitador interno para el Instituto de Formación Profesional de la dependencia).</p>
<p>Presidente | Colegio de Especialistas Forenses s.c. (Organización de 6 Congresos Mundiales, 13 Congresos nacionales; talleres, capacitación a diversas instituciones relacionadas a la Seguridad Pública, Derecho y Ciencias Forenses; participación como Conferencista Nacional e Internacional; generación de conferencias on line gratuitas y abiertas a todo público).</p>
<p>Implementación de la Carpa negra en el país por primera vez para un desastre natural en los sismos del 2017, logrando identificar los 87 cuerpos en nuestra zona de trabajo.</p>
<p>Reconocimiento por las labores en muertes masiva en el incendio del centro nocturno Lobohombo, en la Ciudad de México.</p>
<p>Reconocimiento por las labores en muerte masiva de la discoteca News Divine.</p>
<p>Miembro honorario para diversas asociaciones dedicadas a las Ciencias Forenses.</p>
</div>
<p>[/vc_column_text][vc_btn title=»Volver» color=»orange» align=»center» i_icon_fontawesome=»fas fa-home» add_icon=»true» link=»url:https%3A%2F%2Fcolegiocriminologosmadrid.es%2FRealidadCriminal»][/vc_column][/vc_row]</p>
</section>

<p>[vc_row full_width=»stretch_row» row-text-align=»center» css=».vc_custom_1694786609886{padding-top: 5% !important;padding-bottom: 5% !important;}»][vc_column][vc_single_image image=»3853&#8243; img_size=»medium» alignment=»center» style=»vc_box_border_circle_2&#8243;][vc_column_text] Sobre Martín Balderrama Coordinador de Servicios Periciales en Fiscalías de Alto Impacto | Fiscalía General de Justicia de la Ciudad de México (Coordinación, Revisión de actividades de peritos&#8230;</p>
