{"id":3843,"date":"2023-09-15T14:05:26","date_gmt":"2023-09-15T14:05:26","guid":{"rendered":"https:\/\/colegiocriminologosmadrid.es\/RealidadCriminal\/?post_type=speaker&#038;p=3843"},"modified":"2023-10-09T16:26:59","modified_gmt":"2023-10-09T16:26:59","slug":"jose-carlos-fuertes-rocanin","status":"publish","type":"speaker","link":"https:\/\/colegiocriminologosmadrid.es\/RealidadCriminal\/speaker\/jose-carlos-fuertes-rocanin\/","title":{"rendered":"Jos\u00e9 Carlos Fuertes Roca\u00f1in"},"content":{"rendered":"<section class=\"wpb-content-wrapper\"><p>[vc_row full_width=\u00bbstretch_row\u00bb row-text-align=\u00bbcenter\u00bb css=\u00bb.vc_custom_1694786609886{padding-top: 5% !important;padding-bottom: 5% !important;}\u00bb][vc_column][vc_single_image image=\u00bb3844&#8243; img_size=\u00bbmedium\u00bb alignment=\u00bbcenter\u00bb style=\u00bbvc_box_border_circle_2&#8243;][vc_video link=\u00bbhttps:\/\/www.youtube.com\/watch?v=gMGJJfSGu3c&amp;feature=youtu.be\u00bb align=\u00bbcenter\u00bb][vc_column_text]<\/p>\n<div dir=\"auto\">\n<h2 style=\"text-align: center;\"><strong>Sobre JOS\u00c9 CARLOS FUERTES ROCA\u00d1\u00cdN<\/strong><\/h2>\n<p style=\"text-align: left;\"><strong>\u00a0<\/strong><\/p>\n<p style=\"text-align: left;\">FORMACI\u00d3N\u00a0ACAD\u00c9MICA<\/p>\n<ul style=\"text-align: left;\">\n<li><strong>Licenciado en Medicina y Cirug\u00eda<\/strong>\u00a0por la Universidad de Zaragoza (1980).<\/li>\n<li><strong>Doctor en Medicina y Cirug\u00eda<\/strong>\u00a0por la Universidad de Valladolid con la calificaci\u00f3n de Sobresaliente Cum Laude (1992). Tesis:\u00a0<em>\u201cAspectos medico legales del Servicio Militar Obligatorio\u201d.\u00a0<\/em>Director: Prof. Dr. D. Pelegr\u00edn Mart\u00ednez Baza, Catedr\u00e1tico de Medicina Legal.<\/li>\n<li><strong>Especialista en Psiquiatr\u00eda<\/strong>\u00a0por la Universidad Complutense de Madrid (1988).<\/li>\n<\/ul>\n<p style=\"text-align: left;\">ACTIVIDAD EN \u00d3RGANOS CONSULTIVOS\u00a0Y DE GESTI\u00d3N DE POL\u00cdTICAS P\u00daBLICAS<\/p>\n<ul style=\"text-align: left;\">\n<li><strong>Acad\u00e9mico Numerario<\/strong>\u00a0de la Ilustre Academia de Ciencias de la Salud Ram\u00f3n y Cajal (2018).<\/li>\n<li><strong>Asesor del Observatorio Espa\u00f1ol de Drogas\u00a0<\/strong>(Ministerio del Interior, desde 18-junio de 1998)<\/li>\n<li><strong>Coordinador del Plan Provincial sobre Drogas de la Diputaci\u00f3n Provincial de Burgos-\u00a0<\/strong>\u00c1rea de Sanidad (desde 2002 hasta 2006).<\/li>\n<li><strong>Asesor de la Federaci\u00f3n Mundial de la Salud Mental<\/strong>\u00a0(Washington, 1990 a la actualidad).<\/li>\n<\/ul>\n<p style=\"text-align: left;\">ACTIVIDAD\u00a0PROFESIONAL<\/p>\n<ul style=\"text-align: left;\">\n<li><strong>M\u00e9dico del Cuerpo Militar de Sanidad<\/strong>\u00a0(desde 1982 y hasta la actualidad)<\/li>\n<li><strong>Coronel M\u00e9dico<\/strong>\u00a0<strong>Especialista en Psiquiatr\u00eda.\u00a0<\/strong>Hospital General de la Defensa de Zaragoza. (2006 hasta su pase a la reserva 2018).<\/li>\n<li>Miembro de la\u00a0<strong>Comisi\u00f3n de Bio\u00e9tica<\/strong>\u00a0del Hospital General de la Defensa de Zaragoza (desde 2016-2018)<\/li>\n<li><strong>M\u00e9dico Forense Titular\u00a0<\/strong>(1986 y hasta la actualidad, en situaci\u00f3n de excedencia por incompatibilidad con la Carrera Militar).<\/li>\n<li><strong>Facultativo Especialista de \u00c1rea de Psiquiatr\u00eda del Sistema Nacional de Salud.\u00a0<\/strong>(1992).<\/li>\n<li><strong>Jefe del Servicio de Psiquiatr\u00eda\u00a0<\/strong>del Hospital Militar de Burgos (1988-1997).<\/li>\n<li><strong>Coordinador de la Unidad de Docencia e Investigaci\u00f3n<\/strong>\u00a0de dicho centro (1997 a 2001).<\/li>\n<\/ul>\n<p style=\"text-align: left;\">RECONOCIMIENTOS<\/p>\n<ul style=\"text-align: left;\">\n<li><strong>Concesi\u00f3n de la medalla de Oro<\/strong>\u00a0del Foro Europeo Cum Laude (2018)<\/li>\n<li><strong>Acad\u00e9mico Numerario<\/strong>\u00a0de la Ilustre Academia de Ciencias de la Salud Ram\u00f3n y Cajal (2018).<\/li>\n<li><strong>Medalla al M\u00e9rito Militar con Distintivo Blanco,<\/strong>\u00a0por la aportaci\u00f3n cient\u00edfica a la Sanidad Militar en la investigaci\u00f3n doctoral.<\/li>\n<li><strong>Premio de investigaci\u00f3n \u201cSancho Vel\u00e1zquez de Cuellar\u201d de la Sociedad Castellano-Leonesa de Psiquiatr\u00eda,\u00a0<\/strong>por el estudio \u201cEl Estudio del Estr\u00e9s Laboral en Funcionarios de Justicia y Guardia Civil, Ej\u00e9rcito y Sanidad\u201d. 2 de octubre de 1995.<\/li>\n<li><strong>II Premio de Investigaci\u00f3n de la Secci\u00f3n de Psiquiatr\u00eda Militar e intervenci\u00f3n en cat\u00e1strofes \u201cTcol. Moreno Chaparro\u201d,\u00a0<\/strong>por el estudio \u201cProblem\u00e1tica de las Drogodependencias en el Medio Militar\u201d. Oviedo, 1 de noviembre de 1999.<\/li>\n<li><strong>Condecorado con la Medalla, Encomienda y Placa de la Real y Militar Orden de San Hermenegildo,\u00a0<\/strong>con el tratamiento de Ilustr\u00edsimo Se\u00f1or (por virtud de la \u00faltima de las meritadas), en reconocimiento del desempe\u00f1o profesional en las Fuerzas Armadas).<\/li>\n<\/ul>\n<p style=\"text-align: left;\"><strong>\u00a0<\/strong><\/p>\n<\/div>\n<p>[\/vc_column_text][vc_btn title=\u00bbVolver\u00bb color=\u00bborange\u00bb align=\u00bbcenter\u00bb i_icon_fontawesome=\u00bbfas fa-home\u00bb add_icon=\u00bbtrue\u00bb link=\u00bburl:https%3A%2F%2Fcolegiocriminologosmadrid.es%2FRealidadCriminal\u00bb][\/vc_column][\/vc_row]<\/p>\n<\/section>","protected":false},"excerpt":{"rendered":"<p>[vc_row full_width=\u00bbstretch_row\u00bb row-text-align=\u00bbcenter\u00bb css=\u00bb.vc_custom_1694786609886{padding-top: 5% !important;padding-bottom: 5% !important;}\u00bb][vc_column][vc_single_image image=\u00bb3844&#8243; img_size=\u00bbmedium\u00bb alignment=\u00bbcenter\u00bb style=\u00bbvc_box_border_circle_2&#8243;][vc_video link=\u00bbhttps:\/\/www.youtube.com\/watch?v=gMGJJfSGu3c&amp;feature=youtu.be\u00bb align=\u00bbcenter\u00bb][vc_column_text] Sobre JOS\u00c9 CARLOS FUERTES ROCA\u00d1\u00cdN \u00a0 FORMACI\u00d3N\u00a0ACAD\u00c9MICA Licenciado en Medicina y Cirug\u00eda\u00a0por la Universidad de Zaragoza (1980). Doctor en Medicina y Cirug\u00eda\u00a0por la Universidad de Valladolid&#8230;<\/p>\n","protected":false},"author":1,"featured_media":3844,"comment_status":"open","ping_status":"closed","template":"","meta":{"footnotes":""},"speaker-category":[],"speaker-tags":[109],"location":[],"class_list":["post-3843","speaker","type-speaker","status-publish","has-post-thumbnail","hentry","speaker-tags-speaker"],"_links":{"self":[{"href":"https:\/\/colegiocriminologosmadrid.es\/RealidadCriminal\/wp-json\/wp\/v2\/speaker\/3843","targetHints":{"allow":["GET"]}}],"collection":[{"href":"https:\/\/colegiocriminologosmadrid.es\/RealidadCriminal\/wp-json\/wp\/v2\/speaker"}],"about":[{"href":"https:\/\/colegiocriminologosmadrid.es\/RealidadCriminal\/wp-json\/wp\/v2\/types\/speaker"}],"author":[{"embeddable":true,"href":"https:\/\/colegiocriminologosmadrid.es\/RealidadCriminal\/wp-json\/wp\/v2\/users\/1"}],"replies":[{"embeddable":true,"href":"https:\/\/colegiocriminologosmadrid.es\/RealidadCriminal\/wp-json\/wp\/v2\/comments?post=3843"}],"version-history":[{"count":4,"href":"https:\/\/colegiocriminologosmadrid.es\/RealidadCriminal\/wp-json\/wp\/v2\/speaker\/3843\/revisions"}],"predecessor-version":[{"id":3848,"href":"https:\/\/colegiocriminologosmadrid.es\/RealidadCriminal\/wp-json\/wp\/v2\/speaker\/3843\/revisions\/3848"}],"wp:featuredmedia":[{"embeddable":true,"href":"https:\/\/colegiocriminologosmadrid.es\/RealidadCriminal\/wp-json\/wp\/v2\/media\/3844"}],"wp:attachment":[{"href":"https:\/\/colegiocriminologosmadrid.es\/RealidadCriminal\/wp-json\/wp\/v2\/media?parent=3843"}],"wp:term":[{"taxonomy":"speaker-category","embeddable":true,"href":"https:\/\/colegiocriminologosmadrid.es\/RealidadCriminal\/wp-json\/wp\/v2\/speaker-category?post=3843"},{"taxonomy":"speaker-tags","embeddable":true,"href":"https:\/\/colegiocriminologosmadrid.es\/RealidadCriminal\/wp-json\/wp\/v2\/speaker-tags?post=3843"},{"taxonomy":"location","embeddable":true,"href":"https:\/\/colegiocriminologosmadrid.es\/RealidadCriminal\/wp-json\/wp\/v2\/location?post=3843"}],"curies":[{"name":"wp","href":"https:\/\/api.w.org\/{rel}","templated":true}]}}

José Carlos Fuertes Rocañin

<section class="wpb-content-wrapper"><p>[vc_row full_width=»stretch_row» row-text-align=»center» css=».vc_custom_1694786609886{padding-top: 5% !important;padding-bottom: 5% !important;}»][vc_column][vc_single_image image=»3844&#8243; img_size=»medium» alignment=»center» style=»vc_box_border_circle_2&#8243;][vc_video link=»https://www.youtube.com/watch?v=gMGJJfSGu3c&amp;feature=youtu.be» align=»center»][vc_column_text]</p>
<div dir="auto">
<h2 style="text-align: center;"><strong>Sobre JOSÉ CARLOS FUERTES ROCAÑÍN</strong></h2>
<p style="text-align: left;"><strong> </strong></p>
<p style="text-align: left;">FORMACIÓN ACADÉMICA</p>
<ul style="text-align: left;">
<li><strong>Licenciado en Medicina y Cirugía</strong> por la Universidad de Zaragoza (1980).</li>
<li><strong>Doctor en Medicina y Cirugía</strong> por la Universidad de Valladolid con la calificación de Sobresaliente Cum Laude (1992). Tesis: <em>“Aspectos medico legales del Servicio Militar Obligatorio”. </em>Director: Prof. Dr. D. Pelegrín Martínez Baza, Catedrático de Medicina Legal.</li>
<li><strong>Especialista en Psiquiatría</strong> por la Universidad Complutense de Madrid (1988).</li>
</ul>
<p style="text-align: left;">ACTIVIDAD EN ÓRGANOS CONSULTIVOS Y DE GESTIÓN DE POLÍTICAS PÚBLICAS</p>
<ul style="text-align: left;">
<li><strong>Académico Numerario</strong> de la Ilustre Academia de Ciencias de la Salud Ramón y Cajal (2018).</li>
<li><strong>Asesor del Observatorio Español de Drogas </strong>(Ministerio del Interior, desde 18-junio de 1998)</li>
<li><strong>Coordinador del Plan Provincial sobre Drogas de la Diputación Provincial de Burgos- </strong>Área de Sanidad (desde 2002 hasta 2006).</li>
<li><strong>Asesor de la Federación Mundial de la Salud Mental</strong> (Washington, 1990 a la actualidad).</li>
</ul>
<p style="text-align: left;">ACTIVIDAD PROFESIONAL</p>
<ul style="text-align: left;">
<li><strong>Médico del Cuerpo Militar de Sanidad</strong> (desde 1982 y hasta la actualidad)</li>
<li><strong>Coronel Médico</strong> <strong>Especialista en Psiquiatría. </strong>Hospital General de la Defensa de Zaragoza. (2006 hasta su pase a la reserva 2018).</li>
<li>Miembro de la <strong>Comisión de Bioética</strong> del Hospital General de la Defensa de Zaragoza (desde 2016-2018)</li>
<li><strong>Médico Forense Titular </strong>(1986 y hasta la actualidad, en situación de excedencia por incompatibilidad con la Carrera Militar).</li>
<li><strong>Facultativo Especialista de Área de Psiquiatría del Sistema Nacional de Salud. </strong>(1992).</li>
<li><strong>Jefe del Servicio de Psiquiatría </strong>del Hospital Militar de Burgos (1988-1997).</li>
<li><strong>Coordinador de la Unidad de Docencia e Investigación</strong> de dicho centro (1997 a 2001).</li>
</ul>
<p style="text-align: left;">RECONOCIMIENTOS</p>
<ul style="text-align: left;">
<li><strong>Concesión de la medalla de Oro</strong> del Foro Europeo Cum Laude (2018)</li>
<li><strong>Académico Numerario</strong> de la Ilustre Academia de Ciencias de la Salud Ramón y Cajal (2018).</li>
<li><strong>Medalla al Mérito Militar con Distintivo Blanco,</strong> por la aportación científica a la Sanidad Militar en la investigación doctoral.</li>
<li><strong>Premio de investigación “Sancho Velázquez de Cuellar” de la Sociedad Castellano-Leonesa de Psiquiatría, </strong>por el estudio “El Estudio del Estrés Laboral en Funcionarios de Justicia y Guardia Civil, Ejército y Sanidad”. 2 de octubre de 1995.</li>
<li><strong>II Premio de Investigación de la Sección de Psiquiatría Militar e intervención en catástrofes “Tcol. Moreno Chaparro”, </strong>por el estudio “Problemática de las Drogodependencias en el Medio Militar”. Oviedo, 1 de noviembre de 1999.</li>
<li><strong>Condecorado con la Medalla, Encomienda y Placa de la Real y Militar Orden de San Hermenegildo, </strong>con el tratamiento de Ilustrísimo Señor (por virtud de la última de las meritadas), en reconocimiento del desempeño profesional en las Fuerzas Armadas).</li>
</ul>
<p style="text-align: left;"><strong> </strong></p>
</div>
<p>[/vc_column_text][vc_btn title=»Volver» color=»orange» align=»center» i_icon_fontawesome=»fas fa-home» add_icon=»true» link=»url:https%3A%2F%2Fcolegiocriminologosmadrid.es%2FRealidadCriminal»][/vc_column][/vc_row]</p>
</section>

<p>[vc_row full_width=»stretch_row» row-text-align=»center» css=».vc_custom_1694786609886{padding-top: 5% !important;padding-bottom: 5% !important;}»][vc_column][vc_single_image image=»3844&#8243; img_size=»medium» alignment=»center» style=»vc_box_border_circle_2&#8243;][vc_video link=»https://www.youtube.com/watch?v=gMGJJfSGu3c&amp;feature=youtu.be» align=»center»][vc_column_text] Sobre JOSÉ CARLOS FUERTES ROCAÑÍN   FORMACIÓN ACADÉMICA Licenciado en Medicina y Cirugía por la Universidad de Zaragoza (1980). Doctor en Medicina y Cirugía por la Universidad de Valladolid&#8230;</p>
